95.108.213.152 - - [27/Jul/2026:04:10:20 +0530] "GET /robots.txt HTTP/1.1" 200 318 "-" "Mozilla/5.0 (compatible; YandexBot/3.0; +http://yandex.com/bots)"
87.250.224.96 - - [27/Jul/2026:04:10:21 +0530] "GET / HTTP/2" 200 0 "-" "Mozilla/5.0 (compatible; YandexBot/3.0; +http://yandex.com/bots)"
207.180.220.231 - - [27/Jul/2026:04:11:26 +0530] "GET /xmlrpc.php HTTP/2" 405 46 "-" "Mozilla/5.0 (Windows NT 10.0; Win64; x64; rv:133.0) Gecko/20100101 Firefox/133.0"
207.180.220.231 - - [27/Jul/2026:04:03:59 +0530] "POST /xmlrpc.php HTTP/2" 200 109 "-" "Mozilla/5.0 (Windows NT 10.0; Win64; x64; rv:133.0) Gecko/20100101 Firefox/133.0"
88.80.26.4 - - [27/Jul/2026:04:04:36 +0530] "POST /xmlrpc.php HTTP/2" 200 109 "-" "Mozilla/5.0 (Windows NT 10.0; Win64; x64) AppleWebKit/537.36 (KHTML, like Gecko) Chrome/124.0.0.0 Safari/537.36"
207.180.220.231 - - [27/Jul/2026:04:08:20 +0530] "GET /xmlrpc.php HTTP/2" 405 46 "-" "Mozilla/5.0 (Windows NT 10.0; Win64; x64) AppleWebKit/537.36 (KHTML, like Gecko) Chrome/124.0.0.0 Safari/537.36"
136.0.111.182 - - [27/Jul/2026:04:08:23 +0530] "POST /wp-cron.php?doing_wp_cron=1785105503.0815870761871337890625 HTTP/1.1" 200 0 "-" "WordPress/7.0.2; https://jasareklame.com"
207.180.220.231 - - [27/Jul/2026:04:08:22 +0530] "POST /xmlrpc.php HTTP/2" 200 108 "-" "Mozilla/5.0 (Macintosh; Intel Mac OS X 10_15_7) AppleWebKit/605.1.15 (KHTML, like Gecko) Version/18.0 Safari/605.1.15"
207.180.220.231 - - [27/Jul/2026:04:08:52 +0530] "GET /xmlrpc.php HTTP/2" 405 46 "-" "Mozilla/5.0 (Windows NT 10.0; Win64; x64) AppleWebKit/537.36 (KHTML, like Gecko) Chrome/124.0.0.0 Safari/537.36"
136.0.111.182 - - [27/Jul/2026:04:08:55 +0530] "POST /wp-cron.php?doing_wp_cron=1785105535.4187970161437988281250 HTTP/1.1" 200 0 "-" "WordPress/7.0.2; https://jasareklame.com"
207.180.220.231 - - [27/Jul/2026:04:08:56 +0530] "POST /xmlrpc.php HTTP/2" 200 5024 "-" "Mozilla/5.0 (Windows NT 10.0; Win64; x64; rv:133.0) Gecko/20100101 Firefox/133.0"
207.180.220.231 - - [27/Jul/2026:04:11:28 +0530] "POST /xmlrpc.php HTTP/2" 200 108 "-" "Mozilla/5.0 (Windows NT 10.0; Win64; x64; rv:133.0) Gecko/20100101 Firefox/133.0"
207.46.13.6 - - [27/Jul/2026:04:11:50 +0530] "GET /2026/04/08/nv-gokplatform-uw-bestemming-om-hoogwaardige-online/ HTTP/2" 200 0 "-" "Mozilla/5.0 AppleWebKit/537.36 (KHTML, like Gecko; compatible; bingbot/2.0; +http://www.bing.com/bingbot.htm) Chrome/116.0.1938.76 Safari/537.36"
85.208.96.194 - - [27/Jul/2026:04:12:06 +0530] "GET /wp-includes/js/dist/script-modules/block-editor/utils/fit-text-frontend.min.asset.php HTTP/1.1" 200 0 "-" "Mozilla/5.0 (compatible; SemrushBot/7~bl; +http://www.semrush.com/bot.html)"
136.0.111.182 - - [27/Jul/2026:04:12:15 +0530] "POST /wp-cron.php?doing_wp_cron=1785105735.6609361171722412109375 HTTP/1.1" 200 0 "-" "WordPress/7.0.2; https://jasareklame.com"
207.180.220.231 - - [27/Jul/2026:04:12:16 +0530] "POST /xmlrpc.php HTTP/2" 200 4323 "-" "Mozilla/5.0 (Macintosh; Intel Mac OS X 10_15_7) AppleWebKit/605.1.15 (KHTML, like Gecko) Version/18.0 Safari/605.1.15"
77.75.78.169 - - [27/Jul/2026:04:13:01 +0530] "GET /index.php/?items/P813094455/ HTTP/1.1" 200 0 "-" "Mozilla/5.0 (compatible; SeznamBot/4.0; +https://o-seznam.cz/napoveda/vyhledavani/en/seznambot-crawler/)"
207.180.220.231 - - [27/Jul/2026:04:13:14 +0530] "GET /index.php?rest_route=/ HTTP/2" 200 0 "-" "Mozilla/5.0 (Macintosh; Intel Mac OS X 10_15_7) AppleWebKit/605.1.15 (KHTML, like Gecko) Version/18.0 Safari/605.1.15"
136.0.111.182 - - [27/Jul/2026:04:13:34 +0530] "POST /wp-cron.php?doing_wp_cron=1785105814.6510460376739501953125 HTTP/1.1" 200 0 "-" "WordPress/7.0.2; https://jasareklame.com"
207.180.220.231 - - [27/Jul/2026:04:13:33 +0530] "POST /xmlrpc.php HTTP/2" 200 109 "-" "Mozilla/5.0 (Windows NT 10.0; Win64; x64; rv:133.0) Gecko/20100101 Firefox/133.0"
207.180.220.231 - - [27/Jul/2026:04:13:54 +0530] "POST /xmlrpc.php HTTP/2" 200 109 "-" "Mozilla/5.0 (Macintosh; Intel Mac OS X 10_15_7) AppleWebKit/605.1.15 (KHTML, like Gecko) Version/18.0 Safari/605.1.15"
144.79.133.31 - - [27/Jul/2026:04:13:57 +0530] "GET /2026/04/07/gladiatorsbet-casino-your-personal-entrance-to-elite-web-based-gaming/ HTTP/1.1" 200 0 "https://jasareklame.com/" "Mozilla/5.0 (Macintosh; Intel Mac OS X 12_5) AppleWebKit/537.36 (KHTML, like Gecko) Chrome/103.0.0.0 Safari/537.36 OPR/89.0.4447.51"
207.180.220.231 - - [27/Jul/2026:04:14:05 +0530] "GET /xmlrpc.php HTTP/2" 405 46 "-" "Mozilla/5.0 (Windows NT 10.0; Win64; x64) AppleWebKit/537.36 (KHTML, like Gecko) Chrome/124.0.0.0 Safari/537.36"
136.0.111.182 - - [27/Jul/2026:04:11:29 +0530] "POST /wp-cron.php?doing_wp_cron=1785105689.0834081172943115234375 HTTP/1.1" 200 0 "-" "WordPress/7.0.2; https://jasareklame.com"
95.181.237.16 - - [27/Jul/2026:04:12:14 +0530] "POST /xmlrpc.php HTTP/2" 200 109 "-" "Mozilla/5.0 (Windows NT 10.0; Win64; x64; rv:133.0) Gecko/20100101 Firefox/133.0"
1.175.164.106 - - [27/Jul/2026:04:12:32 +0530] "GET /2026/04/22/the-kwiff-casino-in-which-each-and-every-wager-receives-a-enhanced/ HTTP/1.1" 200 0 "https://jasareklame.com/2026/04/22/the-kwiff-casino-in-which-each-and-every-wager-receives-a-enhanced/" "Mozilla/5.0 (Windows NT 6.1; WOW64) AppleWebKit/537.36 (KHTML, like Gecko) Chrome/35.0.1160.462 Safari/537.36"
142.44.228.87 - - [27/Jul/2026:04:12:46 +0530] "GET /index.php?sitemap586.xml HTTP/2" 200 0 "-" "Mozilla/5.0 (compatible; AhrefsBot/7.0; +http://ahrefs.com/robot/)"
207.180.220.231 - - [27/Jul/2026:04:13:32 +0530] "GET /xmlrpc.php HTTP/2" 405 46 "-" "Mozilla/5.0 (Windows NT 10.0; Win64; x64; rv:133.0) Gecko/20100101 Firefox/133.0"
207.180.220.231 - - [27/Jul/2026:04:13:53 +0530] "GET /xmlrpc.php HTTP/2" 405 46 "-" "Mozilla/5.0 (Windows NT 10.0; Win64; x64; rv:133.0) Gecko/20100101 Firefox/133.0"
136.0.111.182 - - [27/Jul/2026:04:13:55 +0530] "POST /wp-cron.php?doing_wp_cron=1785105835.2714190483093261718750 HTTP/1.1" 200 0 "-" "WordPress/7.0.2; https://jasareklame.com"
144.79.133.31 - - [27/Jul/2026:04:13:55 +0530] "GET /2026/04/07/gladiatorsbet-casino-your-personal-entrance-to-elite-web-based-gaming/ HTTP/1.1" 200 0 "https://jasareklame.com/" "Mozilla/5.0 (Macintosh; Intel Mac OS X 12_5) AppleWebKit/537.36 (KHTML, like Gecko) Chrome/103.0.0.0 Safari/537.36 OPR/89.0.4447.51"
144.79.133.31 - - [27/Jul/2026:04:13:56 +0530] "GET /2026/04/07/gladiatorsbet-casino-your-personal-entrance-to-elite-web-based-gaming/ HTTP/1.1" 200 0 "https://jasareklame.com/" "Mozilla/5.0 (Macintosh; Intel Mac OS X 12_5) AppleWebKit/537.36 (KHTML, like Gecko) Chrome/103.0.0.0 Safari/537.36 OPR/89.0.4447.51"
136.0.111.182 - - [27/Jul/2026:04:14:07 +0530] "POST /wp-cron.php?doing_wp_cron=1785105847.8095419406890869140625 HTTP/1.1" 200 0 "-" "WordPress/7.0.2; https://jasareklame.com"
185.191.171.13 - - [27/Jul/2026:04:15:32 +0530] "GET /wp-includes/php-ai-client/src/Providers/Http/Util/ErrorMessageExtractor.php HTTP/1.1" 200 0 "-" "Mozilla/5.0 (compatible; SemrushBot/7~bl; +http://www.semrush.com/bot.html)"
5.189.128.39 - - [27/Jul/2026:04:15:47 +0530] "POST /xmlrpc.php HTTP/2" 200 108 "-" "Mozilla/5.0 (Windows NT 10.0; Win64; x64) AppleWebKit/537.36 (KHTML, like Gecko) Chrome/124.0.0.0 Safari/537.36"
5.189.128.39 - - [27/Jul/2026:04:15:48 +0530] "POST /xmlrpc.php HTTP/2" 200 4136 "-" "Mozilla/5.0 (Windows NT 10.0; Win64; x64) AppleWebKit/537.36 (KHTML, like Gecko) Chrome/124.0.0.0 Safari/537.36"
207.180.220.231 - - [27/Jul/2026:04:15:57 +0530] "POST /xmlrpc.php HTTP/2" 200 4837 "-" "Mozilla/5.0 (Windows NT 10.0; Win64; x64; rv:133.0) Gecko/20100101 Firefox/133.0"
157.55.39.6 - - [27/Jul/2026:04:16:18 +0530] "GET /index.php/?items/P815154980/ HTTP/2" 200 0 "-" "Mozilla/5.0 AppleWebKit/537.36 (KHTML, like Gecko; compatible; bingbot/2.0; +http://www.bing.com/bingbot.htm) Chrome/116.0.1938.76 Safari/537.36"
65.111.11.25 - - [27/Jul/2026:04:16:19 +0530] "POST /wp-login.php HTTP/1.1" 302 0 "-" "Mozilla/5.0 (compatible; MyApp/1.0)"
207.180.220.231 - - [27/Jul/2026:04:14:07 +0530] "POST /xmlrpc.php HTTP/2" 200 108 "-" "Mozilla/5.0 (Macintosh; Intel Mac OS X 10_15_7) AppleWebKit/605.1.15 (KHTML, like Gecko) Version/18.0 Safari/605.1.15"
5.189.128.39 - - [27/Jul/2026:04:14:23 +0530] "GET /index.php?rest_route=/ HTTP/2" 200 0 "-" "Mozilla/5.0 (Windows NT 10.0; Win64; x64) AppleWebKit/537.36 (KHTML, like Gecko) Chrome/124.0.0.0 Safari/537.36"
136.0.111.182 - - [27/Jul/2026:04:14:57 +0530] "POST /wp-cron.php?doing_wp_cron=1785105897.6993451118469238281250 HTTP/1.1" 200 0 "-" "WordPress/7.0.2; https://jasareklame.com"
207.180.220.231 - - [27/Jul/2026:04:14:56 +0530] "POST /xmlrpc.php HTTP/2" 200 3994 "-" "Mozilla/5.0 (Windows NT 10.0; Win64; x64; rv:133.0) Gecko/20100101 Firefox/133.0"
5.189.128.39 - - [27/Jul/2026:04:15:46 +0530] "GET /xmlrpc.php HTTP/2" 405 46 "-" "Mozilla/5.0 (Windows NT 10.0; Win64; x64; rv:133.0) Gecko/20100101 Firefox/133.0"
136.0.111.182 - - [27/Jul/2026:04:15:48 +0530] "POST /wp-cron.php?doing_wp_cron=1785105948.6029350757598876953125 HTTP/1.1" 200 0 "-" "WordPress/7.0.2; https://jasareklame.com"
65.111.11.25 - - [27/Jul/2026:04:16:17 +0530] "GET /wp-login.php HTTP/1.1" 200 6592 "-" "Mozilla/5.0 (compatible; MyApp/1.0)"
65.111.11.25 - - [27/Jul/2026:04:16:20 +0530] "GET /wp-admin/ HTTP/1.1" 200 163203 "-" "Mozilla/5.0 (compatible; MyApp/1.0)"
65.111.11.25 - - [27/Jul/2026:04:16:22 +0530] "GET /wp-admin/admin-ajax.php?action=rest-nonce HTTP/1.1" 200 10 "-" "Mozilla/5.0 (compatible; MyApp/1.0)"
65.111.11.25 - - [27/Jul/2026:04:16:23 +0530] "POST /wp-json/wp/v2/posts?action=rest-nonce HTTP/1.1" 200 0 "-" "Mozilla/5.0 (compatible; MyApp/1.0)"
207.180.220.231 - - [27/Jul/2026:04:16:49 +0530] "GET /xmlrpc.php HTTP/2" 405 46 "-" "Mozilla/5.0 (Macintosh; Intel Mac OS X 10_15_7) AppleWebKit/605.1.15 (KHTML, like Gecko) Version/18.0 Safari/605.1.15"
136.0.111.182 - - [27/Jul/2026:04:16:52 +0530] "POST /wp-cron.php?doing_wp_cron=1785106012.6124429702758789062500 HTTP/1.1" 200 0 "-" "WordPress/7.0.2; https://jasareklame.com"
192.42.116.12 - - [27/Jul/2026:04:17:49 +0530] "GET /xmlrpc.php HTTP/2" 405 46 "-" "Mozilla/5.0 (Windows NT 10.0; Win64; x64; rv:133.0) Gecko/20100101 Firefox/133.0"
136.0.111.182 - - [27/Jul/2026:04:17:51 +0530] "POST /wp-cron.php?doing_wp_cron=1785106071.3469750881195068359375 HTTP/1.1" 200 0 "-" "WordPress/7.0.2; https://jasareklame.com"
192.42.116.12 - - [27/Jul/2026:04:17:51 +0530] "POST /xmlrpc.php HTTP/2" 200 4450 "-" "Mozilla/5.0 (Windows NT 10.0; Win64; x64; rv:133.0) Gecko/20100101 Firefox/133.0"
158.158.32.226 - - [27/Jul/2026:04:18:11 +0530] "GET /wp-content/plugins/hellopress/wp_filemanager.php HTTP/1.1" 404 5749 "-" "-"
158.158.32.226 - - [27/Jul/2026:04:18:11 +0530] "GET /this_is_a_new_hello_world.php HTTP/1.1" 404 5749 "-" "-"
158.158.32.226 - - [27/Jul/2026:04:18:12 +0530] "GET /wp-config-sample.php HTTP/1.1" 404 5749 "-" "-"
158.158.32.226 - - [27/Jul/2026:04:18:12 +0530] "GET /%E2%98%BAqishi.php HTTP/1.1" 404 5749 "-" "-"
158.158.32.226 - - [27/Jul/2026:04:18:12 +0530] "GET /trusj18.php HTTP/1.1" 404 5749 "-" "-"
158.158.32.226 - - [27/Jul/2026:04:18:14 +0530] "GET /trusj15.php HTTP/1.1" 404 5749 "-" "-"
158.158.32.226 - - [27/Jul/2026:04:18:14 +0530] "GET /rft8.php HTTP/1.1" 404 5749 "-" "-"
158.158.32.226 - - [27/Jul/2026:04:18:14 +0530] "GET /kedi.php HTTP/1.1" 404 5749 "-" "-"
158.158.32.226 - - [27/Jul/2026:04:18:15 +0530] "GET /epinyins.php?p= HTTP/1.1" 404 5749 "-" "-"
158.158.32.226 - - [27/Jul/2026:04:18:15 +0530] "GET /cok.php HTTP/1.1" 404 5749 "-" "-"
158.158.32.226 - - [27/Jul/2026:04:18:16 +0530] "GET /ls.php HTTP/1.1" 404 5749 "-" "-"
158.158.32.226 - - [27/Jul/2026:04:18:16 +0530] "GET /backd00rshit.php HTTP/1.1" 404 5749 "-" "-"
158.158.32.226 - - [27/Jul/2026:04:18:16 +0530] "GET /fx.php HTTP/1.1" 404 5749 "-" "-"
158.158.32.226 - - [27/Jul/2026:04:18:16 +0530] "GET /bgymj.php HTTP/1.1" 404 5749 "-" "-"
158.158.32.226 - - [27/Jul/2026:04:18:17 +0530] "GET /mosty.php HTTP/1.1" 404 5749 "-" "-"
158.158.32.226 - - [27/Jul/2026:04:18:17 +0530] "GET /elp.php HTTP/1.1" 404 5749 "-" "-"
158.158.32.226 - - [27/Jul/2026:04:18:18 +0530] "GET /file52.php HTTP/1.1" 404 5749 "-" "-"
158.158.32.226 - - [27/Jul/2026:04:18:18 +0530] "GET /wp-xx.php HTTP/1.1" 404 5749 "-" "-"
158.158.32.226 - - [27/Jul/2026:04:18:18 +0530] "GET /wp-content/a.php HTTP/1.1" 404 5749 "-" "-"
158.158.32.226 - - [27/Jul/2026:04:18:19 +0530] "GET /green.php HTTP/1.1" 404 5749 "-" "-"
158.158.32.226 - - [27/Jul/2026:04:18:19 +0530] "GET /wp-includes/assets/ HTTP/1.1" 404 5749 "-" "-"
158.158.32.226 - - [27/Jul/2026:04:18:19 +0530] "GET /wp-content/plugins/admin.php HTTP/1.1" 404 5749 "-" "-"
158.158.32.226 - - [27/Jul/2026:04:18:20 +0530] "GET /122.php HTTP/1.1" 404 5749 "-" "-"
158.158.32.226 - - [27/Jul/2026:04:18:20 +0530] "GET /wp-includes/blocks/audio/ HTTP/1.1" 404 5749 "-" "-"
158.158.32.226 - - [27/Jul/2026:04:18:20 +0530] "GET /shell.php HTTP/1.1" 404 5749 "-" "-"
158.158.32.226 - - [27/Jul/2026:04:18:21 +0530] "GET /atkno.php HTTP/1.1" 404 5749 "-" "-"
158.158.32.226 - - [27/Jul/2026:04:18:21 +0530] "GET /backup.php HTTP/1.1" 404 5749 "-" "-"
158.158.32.226 - - [27/Jul/2026:04:18:21 +0530] "GET /wp-update.php HTTP/1.1" 404 5749 "-" "-"
158.158.32.226 - - [27/Jul/2026:04:18:22 +0530] "GET /simple.php HTTP/1.1" 404 5749 "-" "-"
158.158.32.226 - - [27/Jul/2026:04:18:22 +0530] "GET /1index.php HTTP/1.1" 404 5749 "-" "-"
158.158.32.226 - - [27/Jul/2026:04:18:22 +0530] "GET /wp-includes/customize/about.php HTTP/1.1" 404 5749 "-" "-"
158.158.32.226 - - [27/Jul/2026:04:18:23 +0530] "GET /file2.php HTTP/1.1" 404 5749 "-" "-"
158.158.32.226 - - [27/Jul/2026:04:18:25 +0530] "GET /xxx.php HTTP/1.1" 404 5749 "-" "-"
158.158.32.226 - - [27/Jul/2026:04:18:25 +0530] "GET /wp-content/uploads/ HTTP/1.1" 404 5749 "-" "-"
158.158.32.226 - - [27/Jul/2026:04:18:25 +0530] "GET /manager.php HTTP/1.1" 404 5749 "-" "-"
158.158.32.226 - - [27/Jul/2026:04:18:26 +0530] "GET /sitemap.php HTTP/1.1" 404 5749 "-" "-"
158.158.32.226 - - [27/Jul/2026:04:18:26 +0530] "GET /alfa.php HTTP/1.1" 404 5749 "-" "-"
158.158.32.226 - - [27/Jul/2026:04:18:28 +0530] "GET /mifta.php HTTP/1.1" 404 5749 "-" "-"
158.158.32.226 - - [27/Jul/2026:04:18:28 +0530] "GET /login.php HTTP/1.1" 404 5749 "-" "-"
158.158.32.226 - - [27/Jul/2026:04:18:28 +0530] "GET /19.php HTTP/1.1" 404 5749 "-" "-"
158.158.32.226 - - [27/Jul/2026:04:18:30 +0530] "GET /12.php HTTP/1.1" 404 5749 "-" "-"
158.158.32.226 - - [27/Jul/2026:04:18:31 +0530] "GET /version.php HTTP/1.1" 404 5749 "-" "-"
158.158.32.226 - - [27/Jul/2026:04:18:31 +0530] "GET /style.php HTTP/1.1" 404 5749 "-" "-"
158.158.32.226 - - [27/Jul/2026:04:18:31 +0530] "GET /info.php HTTP/1.1" 404 5749 "-" "-"
158.158.32.226 - - [27/Jul/2026:04:18:32 +0530] "GET /asu.php HTTP/1.1" 404 5749 "-" "-"
158.158.32.226 - - [27/Jul/2026:04:18:32 +0530] "GET /ton.php HTTP/1.1" 404 5749 "-" "-"
158.158.32.226 - - [27/Jul/2026:04:18:33 +0530] "GET /zero.php HTTP/1.1" 404 5749 "-" "-"
158.158.32.226 - - [27/Jul/2026:04:18:34 +0530] "GET /wp-content.php HTTP/1.1" 404 5749 "-" "-"
158.158.32.226 - - [27/Jul/2026:04:18:34 +0530] "GET /wp-includes/Requests/ HTTP/1.1" 404 5749 "-" "-"
158.158.32.226 - - [27/Jul/2026:04:18:35 +0530] "GET /file18.php HTTP/1.1" 404 5749 "-" "-"
158.158.32.226 - - [27/Jul/2026:04:18:35 +0530] "GET /p-blog.php HTTP/1.1" 404 5749 "-" "-"
158.158.32.226 - - [27/Jul/2026:04:18:36 +0530] "GET /geforce.php HTTP/1.1" 404 5749 "-" "-"
158.158.32.226 - - [27/Jul/2026:04:18:37 +0530] "GET /hypo.php HTTP/1.1" 404 5749 "-" "-"
158.158.32.226 - - [27/Jul/2026:04:18:37 +0530] "GET /k.php HTTP/1.1" 404 5749 "-" "-"
158.158.32.226 - - [27/Jul/2026:04:18:37 +0530] "GET /security.php HTTP/1.1" 404 5749 "-" "-"
158.158.32.226 - - [27/Jul/2026:04:18:37 +0530] "GET /dd.php HTTP/1.1" 404 5749 "-" "-"
158.158.32.226 - - [27/Jul/2026:04:18:38 +0530] "GET /byte.php HTTP/1.1" 404 5749 "-" "-"
158.158.32.226 - - [27/Jul/2026:04:18:38 +0530] "GET /file7.php HTTP/1.1" 404 5749 "-" "-"
158.158.32.226 - - [27/Jul/2026:04:18:39 +0530] "GET /index1.php HTTP/1.1" 404 5749 "-" "-"
158.158.32.226 - - [27/Jul/2026:04:18:39 +0530] "GET /wp-links-opml.php HTTP/1.1" 404 5749 "-" "-"
158.158.32.226 - - [27/Jul/2026:04:18:39 +0530] "GET /update.php HTTP/1.1" 404 5749 "-" "-"
158.158.32.226 - - [27/Jul/2026:04:18:39 +0530] "GET /radio.php HTTP/1.1" 404 5749 "-" "-"
158.158.32.226 - - [27/Jul/2026:04:18:40 +0530] "GET /ultradybbuks.php HTTP/1.1" 404 5749 "-" "-"
158.158.32.226 - - [27/Jul/2026:04:18:40 +0530] "GET /0.php HTTP/1.1" 404 5749 "-" "-"
158.158.32.226 - - [27/Jul/2026:04:18:40 +0530] "GET /admin/function.php HTTP/1.1" 404 5749 "-" "-"
158.158.32.226 - - [27/Jul/2026:04:18:41 +0530] "GET /min.php HTTP/1.1" 404 5749 "-" "-"
158.158.32.226 - - [27/Jul/2026:04:18:41 +0530] "GET /45.php HTTP/1.1" 404 5749 "-" "-"
158.158.32.226 - - [27/Jul/2026:04:18:41 +0530] "GET /404.php HTTP/1.1" 404 5749 "-" "-"
158.158.32.226 - - [27/Jul/2026:04:18:42 +0530] "GET /wefile.php HTTP/1.1" 404 5749 "-" "-"
158.158.32.226 - - [27/Jul/2026:04:18:42 +0530] "GET /crgio.php HTTP/1.1" 404 5749 "-" "-"
158.158.32.226 - - [27/Jul/2026:04:18:43 +0530] "GET /wp-includes/sodium_compat/ HTTP/1.1" 404 5749 "-" "-"
158.158.32.226 - - [27/Jul/2026:04:18:43 +0530] "GET /fe5.php HTTP/1.1" 404 5749 "-" "-"
158.158.32.226 - - [27/Jul/2026:04:18:43 +0530] "GET /hello.php HTTP/1.1" 404 5749 "-" "-"
158.158.32.226 - - [27/Jul/2026:04:18:44 +0530] "GET /7.php HTTP/1.1" 404 5749 "-" "-"
158.158.32.226 - - [27/Jul/2026:04:18:44 +0530] "GET /bajah.php HTTP/1.1" 404 5749 "-" "-"
158.158.32.226 - - [27/Jul/2026:04:18:45 +0530] "GET /alf.php HTTP/1.1" 404 5749 "-" "-"
158.158.32.226 - - [27/Jul/2026:04:18:45 +0530] "GET /wp-includes/l10n/ HTTP/1.1" 404 5749 "-" "-"
192.42.116.18 - - [27/Jul/2026:04:18:45 +0530] "POST /xmlrpc.php HTTP/2" 200 109 "-" "Mozilla/5.0 (Windows NT 10.0; Win64; x64; rv:133.0) Gecko/20100101 Firefox/133.0"
158.158.32.226 - - [27/Jul/2026:04:18:46 +0530] "GET /marijuana.php HTTP/1.1" 404 5749 "-" "-"
158.158.32.226 - - [27/Jul/2026:04:18:46 +0530] "GET /wp-includes/blocks/post-comments-form/ HTTP/1.1" 404 5749 "-" "-"
158.158.32.226 - - [27/Jul/2026:04:18:47 +0530] "GET /z60.php HTTP/1.1" 404 5749 "-" "-"
158.158.32.226 - - [27/Jul/2026:04:18:48 +0530] "GET /chosen.php HTTP/1.1" 404 5749 "-" "-"
158.158.32.226 - - [27/Jul/2026:04:18:48 +0530] "GET /screen.php HTTP/1.1" 404 5749 "-" "-"
158.158.32.226 - - [27/Jul/2026:04:18:48 +0530] "GET /gg.php HTTP/1.1" 404 5749 "-" "-"
158.158.32.226 - - [27/Jul/2026:04:18:49 +0530] "GET /adminfuns.php HTTP/1.1" 404 5749 "-" "-"
158.158.32.226 - - [27/Jul/2026:04:18:49 +0530] "GET /c.php HTTP/1.1" 404 5749 "-" "-"
158.158.32.226 - - [27/Jul/2026:04:18:50 +0530] "GET /indoxploit.php HTTP/1.1" 404 5749 "-" "-"
158.158.32.226 - - [27/Jul/2026:04:18:50 +0530] "GET /gecko.php HTTP/1.1" 404 5749 "-" "-"
158.158.32.226 - - [27/Jul/2026:04:18:50 +0530] "GET /id.php HTTP/1.1" 404 5749 "-" "-"
158.158.32.226 - - [27/Jul/2026:04:18:51 +0530] "GET /wp-includes/block-patterns/index.php HTTP/1.1" 404 5749 "-" "-"
158.158.32.226 - - [27/Jul/2026:04:18:51 +0530] "GET /file6.php HTTP/1.1" 404 5749 "-" "-"
158.158.32.226 - - [27/Jul/2026:04:18:51 +0530] "GET /wkwk.php HTTP/1.1" 404 5749 "-" "-"
158.158.32.226 - - [27/Jul/2026:04:18:52 +0530] "GET /m.php HTTP/1.1" 404 5749 "-" "-"
158.158.32.226 - - [27/Jul/2026:04:18:52 +0530] "GET /images/wso.php HTTP/1.1" 404 5749 "-" "-"
158.158.32.226 - - [27/Jul/2026:04:18:52 +0530] "GET /06.php HTTP/1.1" 404 5749 "-" "-"
158.158.32.226 - - [27/Jul/2026:04:18:53 +0530] "GET /wp-trackback.php HTTP/1.1" 404 5749 "-" "-"
158.158.32.226 - - [27/Jul/2026:04:18:54 +0530] "GET /mac.php HTTP/1.1" 404 5749 "-" "-"
158.158.32.226 - - [27/Jul/2026:04:18:54 +0530] "GET /wp-includes/Text/index.php HTTP/1.1" 404 5749 "-" "-"
158.158.32.226 - - [27/Jul/2026:04:18:54 +0530] "GET /wp-content/themes/index.php HTTP/1.1" 404 5749 "-" "-"
158.158.32.226 - - [27/Jul/2026:04:18:55 +0530] "GET /jpg.php HTTP/1.1" 404 5749 "-" "-"
158.158.32.226 - - [27/Jul/2026:04:18:55 +0530] "GET /xstelth.php HTTP/1.1" 404 5749 "-" "-"
158.158.32.226 - - [27/Jul/2026:04:18:55 +0530] "GET /option.php HTTP/1.1" 404 5749 "-" "-"
158.158.32.226 - - [27/Jul/2026:04:18:56 +0530] "GET /waf.php HTTP/1.1" 404 5749 "-" "-"
158.158.32.226 - - [27/Jul/2026:04:18:56 +0530] "GET /bingo.php HTTP/1.1" 404 5749 "-" "-"
158.158.32.226 - - [27/Jul/2026:04:18:56 +0530] "GET /file1.php HTTP/1.1" 404 5749 "-" "-"
158.158.32.226 - - [27/Jul/2026:04:18:57 +0530] "GET /w3lls.php HTTP/1.1" 404 5749 "-" "-"
158.158.32.226 - - [27/Jul/2026:04:18:57 +0530] "GET /wp-admin/maint/about.php HTTP/1.1" 404 5749 "-" "-"
158.158.32.226 - - [27/Jul/2026:04:18:57 +0530] "GET /priv.php HTTP/1.1" 404 5749 "-" "-"
158.158.32.226 - - [27/Jul/2026:04:18:58 +0530] "GET /green1.php HTTP/1.1" 404 5749 "-" "-"
158.158.32.226 - - [27/Jul/2026:04:18:59 +0530] "GET /gas.php HTTP/1.1" 404 5749 "-" "-"
158.158.32.226 - - [27/Jul/2026:04:19:01 +0530] "GET /albin.php HTTP/1.1" 404 5749 "-" "-"
158.158.32.226 - - [27/Jul/2026:04:19:01 +0530] "GET /cilus.php HTTP/1.1" 404 5749 "-" "-"
158.158.32.226 - - [27/Jul/2026:04:19:02 +0530] "GET /gptsh.php HTTP/1.1" 404 5749 "-" "-"
158.158.32.226 - - [27/Jul/2026:04:19:02 +0530] "GET /rithin.php HTTP/1.1" 404 5749 "-" "-"
158.158.32.226 - - [27/Jul/2026:04:19:02 +0530] "GET /dfre.php HTTP/1.1" 404 5749 "-" "-"
158.158.32.226 - - [27/Jul/2026:04:19:03 +0530] "GET /wp-happy.php HTTP/1.1" 404 5749 "-" "-"
158.158.32.226 - - [27/Jul/2026:04:19:03 +0530] "GET /fpr4.php HTTP/1.1" 404 5749 "-" "-"
158.158.32.226 - - [27/Jul/2026:04:19:03 +0530] "GET /file88.php HTTP/1.1" 404 5749 "-" "-"
158.158.32.226 - - [27/Jul/2026:04:19:04 +0530] "GET /ccc.php HTTP/1.1" 404 5749 "-" "-"
158.158.32.226 - - [27/Jul/2026:04:19:04 +0530] "GET /777.php HTTP/1.1" 404 5749 "-" "-"
158.158.32.226 - - [27/Jul/2026:04:19:04 +0530] "GET /reop3.php HTTP/1.1" 404 5749 "-" "-"
158.158.32.226 - - [27/Jul/2026:04:19:04 +0530] "GET /SS72_kKKjT.php HTTP/1.1" 404 5749 "-" "-"
158.158.32.226 - - [27/Jul/2026:04:19:05 +0530] "GET /solo1.php HTTP/1.1" 404 5749 "-" "-"
158.158.32.226 - - [27/Jul/2026:04:19:05 +0530] "GET /cu.php HTTP/1.1" 404 5749 "-" "-"
158.158.32.226 - - [27/Jul/2026:04:19:06 +0530] "GET /nc4.php HTTP/1.1" 404 5749 "-" "-"
158.158.32.226 - - [27/Jul/2026:04:19:06 +0530] "GET /ctjpseby.php HTTP/1.1" 404 5749 "-" "-"
158.158.32.226 - - [27/Jul/2026:04:19:06 +0530] "GET /mI35rZhMg1zJ1vuXdefault.php HTTP/1.1" 404 5749 "-" "-"
158.158.32.226 - - [27/Jul/2026:04:19:06 +0530] "GET /yj03.php HTTP/1.1" 404 5749 "-" "-"
158.158.32.226 - - [27/Jul/2026:04:19:07 +0530] "GET /exhds0ucw0ju9vjgasxqCdefault.php HTTP/1.1" 404 5749 "-" "-"
158.158.32.226 - - [27/Jul/2026:04:19:07 +0530] "GET /ifrea.php HTTP/1.1" 404 5749 "-" "-"
158.158.32.226 - - [27/Jul/2026:04:19:08 +0530] "GET /wxeyc.php HTTP/1.1" 404 5749 "-" "-"
207.180.220.231 - - [27/Jul/2026:04:20:05 +0530] "POST /xmlrpc.php HTTP/2" 200 4229 "-" "Mozilla/5.0 (Windows NT 10.0; Win64; x64) AppleWebKit/537.36 (KHTML, like Gecko) Chrome/124.0.0.0 Safari/537.36"
5.189.128.39 - - [27/Jul/2026:04:27:09 +0530] "GET /xmlrpc.php HTTP/2" 405 46 "-" "Mozilla/5.0 (Windows NT 10.0; Win64; x64; rv:133.0) Gecko/20100101 Firefox/133.0"
85.208.98.31 - - [27/Jul/2026:04:28:00 +0530] "GET /2026/06/02/tg-seo-linkk-order-seo-backlinks-homepage-links-3-3/ HTTP/1.1" 200 0 "-" "Mozilla/5.0 (compatible; SemrushBot-BA; +http://www.semrush.com/bot.html)"
207.180.220.231 - - [27/Jul/2026:04:31:25 +0530] "GET /xmlrpc.php HTTP/2" 405 46 "-" "Mozilla/5.0 (Windows NT 10.0; Win64; x64; rv:133.0) Gecko/20100101 Firefox/133.0"
207.180.220.231 - - [27/Jul/2026:04:16:51 +0530] "POST /xmlrpc.php HTTP/2" 200 105 "-" "Mozilla/5.0 (Windows NT 10.0; Win64; x64) AppleWebKit/537.36 (KHTML, like Gecko) Chrome/124.0.0.0 Safari/537.36"
192.42.116.12 - - [27/Jul/2026:04:17:50 +0530] "POST /xmlrpc.php HTTP/2" 200 106 "-" "Mozilla/5.0 (Windows NT 10.0; Win64; x64; rv:133.0) Gecko/20100101 Firefox/133.0"
136.0.111.182 - - [27/Jul/2026:04:18:46 +0530] "POST /wp-cron.php?doing_wp_cron=1785106126.2299809455871582031250 HTTP/1.1" 200 0 "-" "WordPress/7.0.2; https://jasareklame.com"
207.180.220.231 - - [27/Jul/2026:04:18:46 +0530] "POST /xmlrpc.php HTTP/2" 200 3696 "-" "Mozilla/5.0 (Windows NT 10.0; Win64; x64) AppleWebKit/537.36 (KHTML, like Gecko) Chrome/124.0.0.0 Safari/537.36"
114.119.157.158 - - [27/Jul/2026:04:24:16 +0530] "GET /robots.txt HTTP/1.1" 200 96 "https://jasareklame.com/robots.txt" "Mozilla/5.0 (compatible;PetalBot;+https://webmaster.petalsearch.com/site/petalbot)"
85.208.98.22 - - [27/Jul/2026:04:25:01 +0530] "GET /2026/06/04/tg-seo-linkk-order-seo-backlinks-homepage-links-8/ HTTP/1.1" 200 0 "-" "Mozilla/5.0 (compatible; SemrushBot-BA; +http://www.semrush.com/bot.html)"
136.0.111.182 - - [27/Jul/2026:04:31:27 +0530] "POST /wp-cron.php?doing_wp_cron=1785106887.2018330097198486328125 HTTP/1.1" 200 0 "-" "WordPress/7.0.2; https://jasareklame.com"
207.180.220.231 - - [27/Jul/2026:04:31:26 +0530] "POST /xmlrpc.php HTTP/2" 200 108 "-" "Mozilla/5.0 (Windows NT 10.0; Win64; x64) AppleWebKit/537.36 (KHTML, like Gecko) Chrome/124.0.0.0 Safari/537.36"
207.180.220.231 - - [27/Jul/2026:04:31:27 +0530] "POST /xmlrpc.php HTTP/2" 200 3623 "-" "Mozilla/5.0 (Macintosh; Intel Mac OS X 10_15_7) AppleWebKit/605.1.15 (KHTML, like Gecko) Version/18.0 Safari/605.1.15"
5.189.128.39 - - [27/Jul/2026:04:32:11 +0530] "GET /xmlrpc.php HTTP/2" 405 46 "-" "Mozilla/5.0 (Macintosh; Intel Mac OS X 10_15_7) AppleWebKit/605.1.15 (KHTML, like Gecko) Version/18.0 Safari/605.1.15"
207.180.220.231 - - [27/Jul/2026:04:35:13 +0530] "GET /xmlrpc.php HTTP/2" 405 46 "-" "Mozilla/5.0 (Windows NT 10.0; Win64; x64; rv:133.0) Gecko/20100101 Firefox/133.0"
207.180.220.231 - - [27/Jul/2026:04:35:15 +0530] "POST /xmlrpc.php HTTP/2" 200 105 "-" "Mozilla/5.0 (Windows NT 10.0; Win64; x64; rv:133.0) Gecko/20100101 Firefox/133.0"
5.189.128.39 - - [27/Jul/2026:04:36:45 +0530] "GET /xmlrpc.php HTTP/2" 405 46 "-" "Mozilla/5.0 (Windows NT 10.0; Win64; x64) AppleWebKit/537.36 (KHTML, like Gecko) Chrome/124.0.0.0 Safari/537.36"
136.0.111.182 - - [27/Jul/2026:04:36:47 +0530] "POST /wp-cron.php?doing_wp_cron=1785107207.9145820140838623046875 HTTP/1.1" 200 0 "-" "WordPress/7.0.2; https://jasareklame.com"
207.180.220.231 - - [27/Jul/2026:04:37:28 +0530] "POST /xmlrpc.php HTTP/2" 200 3971 "-" "Mozilla/5.0 (Windows NT 10.0; Win64; x64; rv:133.0) Gecko/20100101 Firefox/133.0"
5.189.128.39 - - [27/Jul/2026:04:38:32 +0530] "GET /xmlrpc.php HTTP/2" 405 46 "-" "Mozilla/5.0 (Macintosh; Intel Mac OS X 10_15_7) AppleWebKit/605.1.15 (KHTML, like Gecko) Version/18.0 Safari/605.1.15"
136.0.111.182 - - [27/Jul/2026:04:40:12 +0530] "POST /wp-cron.php?doing_wp_cron=1785107412.2513771057128906250000 HTTP/1.1" 200 0 "-" "WordPress/7.0.2; https://jasareklame.com"
45.3.45.221 - - [27/Jul/2026:04:41:11 +0530] "GET /wp-login.php HTTP/1.1" 200 6592 "-" "Mozilla/5.0 (compatible; MyApp/1.0)"
45.3.45.221 - - [27/Jul/2026:04:41:13 +0530] "POST /wp-login.php HTTP/1.1" 302 0 "-" "Mozilla/5.0 (compatible; MyApp/1.0)"
45.3.45.221 - - [27/Jul/2026:04:41:14 +0530] "GET /wp-admin/ HTTP/1.1" 200 164548 "-" "Mozilla/5.0 (compatible; MyApp/1.0)"
45.3.45.221 - - [27/Jul/2026:04:41:16 +0530] "POST /wp-json/wp/v2/posts?action=rest-nonce HTTP/1.1" 200 0 "-" "Mozilla/5.0 (compatible; MyApp/1.0)"
136.0.111.182 - - [27/Jul/2026:04:35:16 +0530] "POST /wp-cron.php?doing_wp_cron=1785107116.1825139522552490234375 HTTP/1.1" 200 0 "-" "WordPress/7.0.2; https://jasareklame.com"
5.189.128.39 - - [27/Jul/2026:04:36:47 +0530] "POST /xmlrpc.php HTTP/2" 200 105 "-" "Mozilla/5.0 (Windows NT 10.0; Win64; x64; rv:133.0) Gecko/20100101 Firefox/133.0"
5.189.128.39 - - [27/Jul/2026:04:36:48 +0530] "POST /xmlrpc.php HTTP/2" 200 3966 "-" "Mozilla/5.0 (Windows NT 10.0; Win64; x64; rv:133.0) Gecko/20100101 Firefox/133.0"
5.189.128.39 - - [27/Jul/2026:04:40:04 +0530] "GET /wp-login.php HTTP/2" 200 1967 "-" "Mozilla/5.0 (Windows NT 10.0; Win64; x64; rv:133.0) Gecko/20100101 Firefox/133.0"
5.189.128.39 - - [27/Jul/2026:04:40:05 +0530] "GET /wp-login.php?wp_lang=en_US HTTP/2" 200 1967 "-" "Mozilla/5.0 (Windows NT 10.0; Win64; x64) AppleWebKit/537.36 (KHTML, like Gecko) Chrome/124.0.0.0 Safari/537.36"
5.189.128.39 - - [27/Jul/2026:04:40:06 +0530] "POST /wp-login.php HTTP/2" 302 0 "https://jasareklame.com/wp-login.php" "Mozilla/5.0 (Windows NT 10.0; Win64; x64) AppleWebKit/537.36 (KHTML, like Gecko) Chrome/124.0.0.0 Safari/537.36"
5.189.128.39 - - [27/Jul/2026:04:40:06 +0530] "GET /wp-admin/ HTTP/2" 200 33958 "https://jasareklame.com/wp-login.php" "Mozilla/5.0 (Windows NT 10.0; Win64; x64) AppleWebKit/537.36 (KHTML, like Gecko) Chrome/124.0.0.0 Safari/537.36"
5.189.128.39 - - [27/Jul/2026:04:40:08 +0530] "GET /wp-admin/ HTTP/2" 200 33919 "-" "Mozilla/5.0 (Windows NT 10.0; Win64; x64) AppleWebKit/537.36 (KHTML, like Gecko) Chrome/124.0.0.0 Safari/537.36"
5.189.128.39 - - [27/Jul/2026:04:40:10 +0530] "GET /xmlrpc.php HTTP/2" 405 46 "-" "Mozilla/5.0 (Windows NT 10.0; Win64; x64) AppleWebKit/537.36 (KHTML, like Gecko) Chrome/124.0.0.0 Safari/537.36"
5.189.128.39 - - [27/Jul/2026:04:40:11 +0530] "POST /xmlrpc.php HTTP/2" 200 106 "-" "Mozilla/5.0 (Macintosh; Intel Mac OS X 10_15_7) AppleWebKit/605.1.15 (KHTML, like Gecko) Version/18.0 Safari/605.1.15"
5.189.128.39 - - [27/Jul/2026:04:40:12 +0530] "POST /xmlrpc.php HTTP/2" 200 3971 "-" "Mozilla/5.0 (Windows NT 10.0; Win64; x64) AppleWebKit/537.36 (KHTML, like Gecko) Chrome/124.0.0.0 Safari/537.36"
85.208.96.206 - - [27/Jul/2026:04:40:21 +0530] "GET /wp-includes/js/dist/script-modules/block-library/tabs/view.min.asset.php HTTP/1.1" 200 0 "-" "Mozilla/5.0 (compatible; SemrushBot/7~bl; +http://www.semrush.com/bot.html)"
45.3.45.221 - - [27/Jul/2026:04:41:15 +0530] "GET /wp-admin/admin-ajax.php?action=rest-nonce HTTP/1.1" 200 10 "-" "Mozilla/5.0 (compatible; MyApp/1.0)"
193.24.211.116 - - [27/Jul/2026:04:42:02 +0530] "POST / HTTP/2" 200 0 "-" "Mozilla/5.0 (Macintosh; Intel Mac OS X 10.15; rv:135.0) Gecko/20100101 Firefox/135.0"
5.189.128.39 - - [27/Jul/2026:04:43:26 +0530] "GET /wp-login.php HTTP/2" 200 1967 "-" "Mozilla/5.0 (Macintosh; Intel Mac OS X 10_15_7) AppleWebKit/605.1.15 (KHTML, like Gecko) Version/18.0 Safari/605.1.15"
5.189.128.39 - - [27/Jul/2026:04:47:43 +0530] "GET /wp-json/ HTTP/2" 200 0 "-" "Mozilla/5.0 (Windows NT 10.0; Win64; x64; rv:133.0) Gecko/20100101 Firefox/133.0"
5.189.128.39 - - [27/Jul/2026:04:47:46 +0530] "GET /wp-login.php?wp_lang=en_US HTTP/2" 200 1967 "-" "Mozilla/5.0 (Windows NT 10.0; Win64; x64; rv:133.0) Gecko/20100101 Firefox/133.0"
5.189.128.39 - - [27/Jul/2026:04:47:46 +0530] "POST /wp-login.php HTTP/2" 302 0 "https://jasareklame.com/wp-login.php" "Mozilla/5.0 (Windows NT 10.0; Win64; x64; rv:133.0) Gecko/20100101 Firefox/133.0"
5.189.128.39 - - [27/Jul/2026:04:47:47 +0530] "GET /wp-admin/ HTTP/2" 200 33963 "https://jasareklame.com/wp-login.php" "Mozilla/5.0 (Windows NT 10.0; Win64; x64; rv:133.0) Gecko/20100101 Firefox/133.0"
136.0.111.182 - - [27/Jul/2026:04:48:26 +0530] "POST /wp-cron.php?doing_wp_cron=1785107906.6228199005126953125000 HTTP/1.1" 200 0 "-" "WordPress/7.0.2; https://jasareklame.com"
192.42.116.68 - - [27/Jul/2026:04:48:25 +0530] "POST /xmlrpc.php HTTP/2" 200 109 "-" "Mozilla/5.0 (Macintosh; Intel Mac OS X 10_15_7) AppleWebKit/605.1.15 (KHTML, like Gecko) Version/18.0 Safari/605.1.15"
207.180.220.231 - - [27/Jul/2026:04:49:17 +0530] "GET /index.php?rest_route=/ HTTP/2" 200 0 "-" "Mozilla/5.0 (Windows NT 10.0; Win64; x64) AppleWebKit/537.36 (KHTML, like Gecko) Chrome/124.0.0.0 Safari/537.36"
207.180.220.231 - - [27/Jul/2026:04:49:17 +0530] "GET /xmlrpc.php HTTP/2" 405 46 "-" "Mozilla/5.0 (Macintosh; Intel Mac OS X 10_15_7) AppleWebKit/605.1.15 (KHTML, like Gecko) Version/18.0 Safari/605.1.15"
136.0.111.182 - - [27/Jul/2026:04:49:56 +0530] "POST /wp-cron.php?doing_wp_cron=1785107996.1634190082550048828125 HTTP/1.1" 200 0 "-" "WordPress/7.0.2; https://jasareklame.com"
207.180.220.231 - - [27/Jul/2026:04:50:27 +0530] "POST /xmlrpc.php HTTP/2" 200 5062 "-" "Mozilla/5.0 (Windows NT 10.0; Win64; x64; rv:133.0) Gecko/20100101 Firefox/133.0"
5.189.128.39 - - [27/Jul/2026:04:43:25 +0530] "GET /index.php?rest_route=/ HTTP/2" 200 0 "-" "Mozilla/5.0 (Windows NT 10.0; Win64; x64; rv:133.0) Gecko/20100101 Firefox/133.0"
5.189.128.39 - - [27/Jul/2026:04:43:27 +0530] "GET /wp-login.php?wp_lang=en_US HTTP/2" 200 1967 "-" "Mozilla/5.0 (Macintosh; Intel Mac OS X 10_15_7) AppleWebKit/605.1.15 (KHTML, like Gecko) Version/18.0 Safari/605.1.15"
5.189.128.39 - - [27/Jul/2026:04:43:28 +0530] "POST /wp-login.php HTTP/2" 302 0 "https://jasareklame.com/wp-login.php" "Mozilla/5.0 (Macintosh; Intel Mac OS X 10_15_7) AppleWebKit/605.1.15 (KHTML, like Gecko) Version/18.0 Safari/605.1.15"
5.189.128.39 - - [27/Jul/2026:04:43:28 +0530] "GET /wp-admin/ HTTP/2" 200 33913 "https://jasareklame.com/wp-login.php" "Mozilla/5.0 (Macintosh; Intel Mac OS X 10_15_7) AppleWebKit/605.1.15 (KHTML, like Gecko) Version/18.0 Safari/605.1.15"
5.189.128.39 - - [27/Jul/2026:04:43:29 +0530] "GET /wp-admin/ HTTP/2" 200 33958 "-" "Mozilla/5.0 (Macintosh; Intel Mac OS X 10_15_7) AppleWebKit/605.1.15 (KHTML, like Gecko) Version/18.0 Safari/605.1.15"
5.189.128.39 - - [27/Jul/2026:04:43:31 +0530] "GET /wp-admin/admin-ajax.php?action=rest-nonce HTTP/2" 400 5 "-" "Mozilla/5.0 (Macintosh; Intel Mac OS X 10_15_7) AppleWebKit/605.1.15 (KHTML, like Gecko) Version/18.0 Safari/605.1.15"
5.189.128.39 - - [27/Jul/2026:04:43:32 +0530] "GET /wp-admin/admin-ajax.php?action=rest-nonce HTTP/2" 200 14 "-" "Mozilla/5.0 (Macintosh; Intel Mac OS X 10_15_7) AppleWebKit/605.1.15 (KHTML, like Gecko) Version/18.0 Safari/605.1.15"
5.189.128.39 - - [27/Jul/2026:04:43:32 +0530] "GET /wp-admin/options-permalink.php HTTP/2" 200 23266 "-" "Mozilla/5.0 (Macintosh; Intel Mac OS X 10_15_7) AppleWebKit/605.1.15 (KHTML, like Gecko) Version/18.0 Safari/605.1.15"
5.189.128.39 - - [27/Jul/2026:04:43:33 +0530] "POST /index.php?rest_route=/wp/v2/posts HTTP/2" 200 0 "https://jasareklame.com/index.php?rest_route=/wp/v2/posts" "Mozilla/5.0 (Macintosh; Intel Mac OS X 10_15_7) AppleWebKit/605.1.15 (KHTML, like Gecko) Version/18.0 Safari/605.1.15"
98.95.148.89 - - [27/Jul/2026:04:45:51 +0530] "GET /robots.txt HTTP/1.1" 200 119 "-" "Mozilla/5.0 (Macintosh; Intel Mac OS X 10_10_1) AppleWebKit/600.2.5 (KHTML, like Gecko) Version/8.0.2 Safari/600.2.5 (Gort)"
207.180.220.231 - - [27/Jul/2026:04:46:17 +0530] "GET /index.php?rest_route=/ HTTP/2" 200 0 "-" "Mozilla/5.0 (Windows NT 10.0; Win64; x64) AppleWebKit/537.36 (KHTML, like Gecko) Chrome/124.0.0.0 Safari/537.36"
5.189.128.39 - - [27/Jul/2026:04:47:44 +0530] "GET /wp-login.php HTTP/2" 200 1967 "-" "Mozilla/5.0 (Windows NT 10.0; Win64; x64) AppleWebKit/537.36 (KHTML, like Gecko) Chrome/124.0.0.0 Safari/537.36"
192.42.116.68 - - [27/Jul/2026:04:48:24 +0530] "GET /xmlrpc.php HTTP/2" 405 46 "-" "Mozilla/5.0 (Macintosh; Intel Mac OS X 10_15_7) AppleWebKit/605.1.15 (KHTML, like Gecko) Version/18.0 Safari/605.1.15"
192.42.116.68 - - [27/Jul/2026:04:48:27 +0530] "POST /xmlrpc.php HTTP/2" 200 4209 "-" "Mozilla/5.0 (Macintosh; Intel Mac OS X 10_15_7) AppleWebKit/605.1.15 (KHTML, like Gecko) Version/18.0 Safari/605.1.15"
152.233.4.229 - - [27/Jul/2026:04:49:55 +0530] "POST /xmlrpc.php HTTP/2" 200 109 "-" "Mozilla/5.0 (Windows NT 10.0; Win64; x64; rv:133.0) Gecko/20100101 Firefox/133.0"
104.207.36.6 - - [27/Jul/2026:04:51:09 +0530] "GET /wp-login.php HTTP/1.1" 200 6592 "-" "Mozilla/5.0 (compatible; MyApp/1.0)"
104.207.36.6 - - [27/Jul/2026:04:51:10 +0530] "POST /wp-login.php HTTP/1.1" 302 0 "-" "Mozilla/5.0 (compatible; MyApp/1.0)"
104.207.36.6 - - [27/Jul/2026:04:51:14 +0530] "POST /wp-json/wp/v2/posts?action=rest-nonce HTTP/1.1" 200 0 "-" "Mozilla/5.0 (compatible; MyApp/1.0)"
37.231.37.142 - - [27/Jul/2026:04:51:24 +0530] "GET /?p=30082 HTTP/2" 200 0 "-" "Mozilla/5.0 (Linux; Android 10; K) AppleWebKit/537.36 (KHTML, like Gecko) Chrome/123.0.0.0 Mobile Safari/537.36"
5.189.128.39 - - [27/Jul/2026:04:54:49 +0530] "GET /xmlrpc.php HTTP/2" 405 46 "-" "Mozilla/5.0 (Macintosh; Intel Mac OS X 10_15_7) AppleWebKit/605.1.15 (KHTML, like Gecko) Version/18.0 Safari/605.1.15"
217.181.91.174 - - [27/Jul/2026:04:57:16 +0530] "GET /wp-login.php HTTP/1.1" 200 6592 "-" "Mozilla/5.0 (compatible; MyApp/1.0)"
217.181.91.174 - - [27/Jul/2026:04:57:19 +0530] "GET /wp-admin/admin-ajax.php?action=rest-nonce HTTP/1.1" 200 10 "-" "Mozilla/5.0 (compatible; MyApp/1.0)"
5.189.128.39 - - [27/Jul/2026:04:57:26 +0530] "GET /xmlrpc.php HTTP/2" 405 46 "-" "Mozilla/5.0 (Macintosh; Intel Mac OS X 10_15_7) AppleWebKit/605.1.15 (KHTML, like Gecko) Version/18.0 Safari/605.1.15"
52.167.144.184 - - [27/Jul/2026:05:06:58 +0530] "GET /index.php/?items/P813000002 HTTP/2" 200 0 "-" "Mozilla/5.0 AppleWebKit/537.36 (KHTML, like Gecko; compatible; bingbot/2.0; +http://www.bing.com/bingbot.htm) Chrome/116.0.1938.76 Safari/537.36"
45.3.51.141 - - [27/Jul/2026:05:07:24 +0530] "GET /wp-login.php HTTP/1.1" 200 6592 "-" "Mozilla/5.0 (compatible; MyApp/1.0)"
104.207.36.6 - - [27/Jul/2026:04:51:11 +0530] "GET /wp-admin/ HTTP/1.1" 200 164548 "-" "Mozilla/5.0 (compatible; MyApp/1.0)"
104.207.36.6 - - [27/Jul/2026:04:51:13 +0530] "GET /wp-admin/admin-ajax.php?action=rest-nonce HTTP/1.1" 200 10 "-" "Mozilla/5.0 (compatible; MyApp/1.0)"
136.0.111.182 - - [27/Jul/2026:04:54:52 +0530] "POST /wp-cron.php?doing_wp_cron=1785108292.3047978878021240234375 HTTP/1.1" 200 0 "-" "WordPress/7.0.2; https://jasareklame.com"
5.189.128.39 - - [27/Jul/2026:04:54:51 +0530] "POST /xmlrpc.php HTTP/2" 200 105 "-" "Mozilla/5.0 (Macintosh; Intel Mac OS X 10_15_7) AppleWebKit/605.1.15 (KHTML, like Gecko) Version/18.0 Safari/605.1.15"
5.189.128.39 - - [27/Jul/2026:04:54:52 +0530] "POST /xmlrpc.php HTTP/2" 200 3906 "-" "Mozilla/5.0 (Macintosh; Intel Mac OS X 10_15_7) AppleWebKit/605.1.15 (KHTML, like Gecko) Version/18.0 Safari/605.1.15"
217.181.91.174 - - [27/Jul/2026:04:57:17 +0530] "POST /wp-login.php HTTP/1.1" 302 0 "-" "Mozilla/5.0 (compatible; MyApp/1.0)"
217.181.91.174 - - [27/Jul/2026:04:57:18 +0530] "GET /wp-admin/ HTTP/1.1" 200 163203 "-" "Mozilla/5.0 (compatible; MyApp/1.0)"
217.181.91.174 - - [27/Jul/2026:04:57:21 +0530] "POST /wp-json/wp/v2/posts?action=rest-nonce HTTP/1.1" 200 0 "-" "Mozilla/5.0 (compatible; MyApp/1.0)"
136.0.111.182 - - [27/Jul/2026:04:57:28 +0530] "POST /wp-cron.php?doing_wp_cron=1785108448.2591390609741210937500 HTTP/1.1" 200 0 "-" "WordPress/7.0.2; https://jasareklame.com"
5.189.128.39 - - [27/Jul/2026:04:57:27 +0530] "POST /xmlrpc.php HTTP/2" 200 109 "-" "Mozilla/5.0 (Windows NT 10.0; Win64; x64; rv:133.0) Gecko/20100101 Firefox/133.0"
5.189.128.39 - - [27/Jul/2026:04:57:28 +0530] "POST /xmlrpc.php HTTP/2" 200 3928 "-" "Mozilla/5.0 (Windows NT 10.0; Win64; x64) AppleWebKit/537.36 (KHTML, like Gecko) Chrome/124.0.0.0 Safari/537.36"
207.46.13.154 - - [27/Jul/2026:04:58:42 +0530] "GET /index.php/?items/P814739290/ HTTP/2" 200 0 "-" "Mozilla/5.0 AppleWebKit/537.36 (KHTML, like Gecko; compatible; bingbot/2.0; +http://www.bing.com/bingbot.htm) Chrome/116.0.1938.76 Safari/537.36"
216.73.217.43 - - [27/Jul/2026:05:01:49 +0530] "GET /robots.txt HTTP/2" 200 96 "-" "Mozilla/5.0 AppleWebKit/537.36 (KHTML, like Gecko; compatible; ClaudeBot/1.0; +claudebot@anthropic.com)"
216.73.217.43 - - [27/Jul/2026:05:01:51 +0530] "GET /index.php HTTP/2" 200 0 "-" "Mozilla/5.0 AppleWebKit/537.36 (KHTML, like Gecko; compatible; ClaudeBot/1.0; +claudebot@anthropic.com)"
38.60.166.199 - - [27/Jul/2026:05:02:34 +0530] "GET / HTTP/2" 200 0 "-" "Mozilla/5.0 (Windows NT 10.0; Win64; x64) AppleWebKit/537.36 (KHTML, like Gecko) Chrome/131.0.0.0 Safari/537.36"
77.75.77.62 - - [27/Jul/2026:05:04:55 +0530] "GET /index.php?sitemap867.xml HTTP/1.1" 200 0 "-" "Mozilla/5.0 (compatible; SeznamBot/4.0; +https://o-seznam.cz/napoveda/vyhledavani/en/seznambot-crawler/)"
45.3.51.141 - - [27/Jul/2026:05:07:25 +0530] "POST /wp-login.php HTTP/1.1" 302 0 "-" "Mozilla/5.0 (compatible; MyApp/1.0)"
45.3.51.141 - - [27/Jul/2026:05:07:27 +0530] "GET /wp-admin/ HTTP/1.1" 200 163203 "-" "Mozilla/5.0 (compatible; MyApp/1.0)"
5.189.128.39 - - [27/Jul/2026:05:08:18 +0530] "GET /wp-login.php HTTP/2" 200 1967 "-" "Mozilla/5.0 (Windows NT 10.0; Win64; x64) AppleWebKit/537.36 (KHTML, like Gecko) Chrome/124.0.0.0 Safari/537.36"
185.191.171.13 - - [27/Jul/2026:05:11:38 +0530] "GET /wp-includes/php-ai-client/src/Providers/Http/DTO/ApiKeyRequestAuthentication.php HTTP/1.1" 500 0 "-" "Mozilla/5.0 (compatible; SemrushBot/7~bl; +http://www.semrush.com/bot.html)"
85.208.96.198 - - [27/Jul/2026:05:13:32 +0530] "GET /wp-includes/php-ai-client/src/Providers/Http/DTO/RequestOptions.php HTTP/1.1" 500 0 "-" "Mozilla/5.0 (compatible; SemrushBot/7~bl; +http://www.semrush.com/bot.html)"
104.207.41.126 - - [27/Jul/2026:05:19:07 +0530] "GET /wp-login.php HTTP/1.1" 200 6592 "-" "Mozilla/5.0 (compatible; MyApp/1.0)"
104.207.41.126 - - [27/Jul/2026:05:19:10 +0530] "GET /wp-admin/ HTTP/1.1" 200 163203 "-" "Mozilla/5.0 (compatible; MyApp/1.0)"
104.207.41.126 - - [27/Jul/2026:05:19:11 +0530] "GET /wp-admin/admin-ajax.php?action=rest-nonce HTTP/1.1" 200 10 "-" "Mozilla/5.0 (compatible; MyApp/1.0)"
104.207.41.126 - - [27/Jul/2026:05:19:12 +0530] "POST /wp-json/wp/v2/posts?action=rest-nonce HTTP/1.1" 200 0 "-" "Mozilla/5.0 (compatible; MyApp/1.0)"
185.191.171.19 - - [27/Jul/2026:05:22:14 +0530] "GET /wp-includes/php-ai-client/third-party/Psr/Http/Message/StreamInterface.php HTTP/1.1" 200 0 "-" "Mozilla/5.0 (compatible; SemrushBot/7~bl; +http://www.semrush.com/bot.html)"
45.3.51.141 - - [27/Jul/2026:05:07:28 +0530] "GET /wp-admin/admin-ajax.php?action=rest-nonce HTTP/1.1" 200 10 "-" "Mozilla/5.0 (compatible; MyApp/1.0)"
45.3.51.141 - - [27/Jul/2026:05:07:29 +0530] "POST /wp-json/wp/v2/posts?action=rest-nonce HTTP/1.1" 200 0 "-" "Mozilla/5.0 (compatible; MyApp/1.0)"
5.189.128.39 - - [27/Jul/2026:05:08:20 +0530] "GET /wp-login.php?wp_lang=en_US HTTP/2" 200 1967 "-" "Mozilla/5.0 (Macintosh; Intel Mac OS X 10_15_7) AppleWebKit/605.1.15 (KHTML, like Gecko) Version/18.0 Safari/605.1.15"
5.189.128.39 - - [27/Jul/2026:05:08:20 +0530] "POST /wp-login.php HTTP/2" 302 0 "https://jasareklame.com/wp-login.php" "Mozilla/5.0 (Macintosh; Intel Mac OS X 10_15_7) AppleWebKit/605.1.15 (KHTML, like Gecko) Version/18.0 Safari/605.1.15"
5.189.128.39 - - [27/Jul/2026:05:08:21 +0530] "GET /wp-admin/ HTTP/2" 200 33961 "https://jasareklame.com/wp-login.php" "Mozilla/5.0 (Macintosh; Intel Mac OS X 10_15_7) AppleWebKit/605.1.15 (KHTML, like Gecko) Version/18.0 Safari/605.1.15"
5.189.128.39 - - [27/Jul/2026:05:08:22 +0530] "GET /wp-admin/ HTTP/2" 200 33962 "-" "Mozilla/5.0 (Macintosh; Intel Mac OS X 10_15_7) AppleWebKit/605.1.15 (KHTML, like Gecko) Version/18.0 Safari/605.1.15"
5.189.128.39 - - [27/Jul/2026:05:10:45 +0530] "GET /wp-admin/admin-ajax.php?action=rest-nonce HTTP/2" 200 14 "-" "Mozilla/5.0 (Macintosh; Intel Mac OS X 10_15_7) AppleWebKit/605.1.15 (KHTML, like Gecko) Version/18.0 Safari/605.1.15"
5.189.128.39 - - [27/Jul/2026:05:10:46 +0530] "GET /wp-admin/options-permalink.php HTTP/2" 200 23263 "-" "Mozilla/5.0 (Macintosh; Intel Mac OS X 10_15_7) AppleWebKit/605.1.15 (KHTML, like Gecko) Version/18.0 Safari/605.1.15"
5.189.128.39 - - [27/Jul/2026:05:10:47 +0530] "POST /index.php?rest_route=/wp/v2/posts HTTP/2" 200 0 "https://jasareklame.com/index.php?rest_route=/wp/v2/posts" "Mozilla/5.0 (Macintosh; Intel Mac OS X 10_15_7) AppleWebKit/605.1.15 (KHTML, like Gecko) Version/18.0 Safari/605.1.15"
51.161.65.2 - - [27/Jul/2026:05:13:01 +0530] "GET / HTTP/2" 200 0 "-" "Mozilla/5.0 (compatible; AhrefsBot/7.0; +http://ahrefs.com/robot/)"
104.207.41.126 - - [27/Jul/2026:05:19:08 +0530] "POST /wp-login.php HTTP/1.1" 302 0 "-" "Mozilla/5.0 (compatible; MyApp/1.0)"
20.113.56.22 - - [27/Jul/2026:05:38:13 +0530] "GET /wp-content/plugins/hellopress/wp_filemanager.php HTTP/1.1" 404 5749 "-" "-"
20.113.56.22 - - [27/Jul/2026:05:38:13 +0530] "GET /this_is_a_new_hello_world.php HTTP/1.1" 404 5749 "-" "-"
20.113.56.22 - - [27/Jul/2026:05:38:14 +0530] "GET /media.php HTTP/1.1" 404 5749 "-" "-"
20.113.56.22 - - [27/Jul/2026:05:38:14 +0530] "GET /images.php HTTP/1.1" 404 5749 "-" "-"
20.113.56.22 - - [27/Jul/2026:05:38:14 +0530] "GET /adminner.php HTTP/1.1" 404 5749 "-" "-"
20.113.56.22 - - [27/Jul/2026:05:38:15 +0530] "GET /admin.php HTTP/1.1" 404 5749 "-" "-"
20.113.56.22 - - [27/Jul/2026:05:38:15 +0530] "GET /ops.php HTTP/1.1" 404 5749 "-" "-"
20.113.56.22 - - [27/Jul/2026:05:38:16 +0530] "GET /mac.php HTTP/1.1" 404 5749 "-" "-"
20.113.56.22 - - [27/Jul/2026:05:38:16 +0530] "GET /wefile.php HTTP/1.1" 404 5749 "-" "-"
20.113.56.22 - - [27/Jul/2026:05:38:16 +0530] "GET /.well-known/about.php HTTP/1.1" 404 5749 "-" "-"
20.113.56.22 - - [27/Jul/2026:05:38:17 +0530] "GET /wp-includes/ID3/about.php HTTP/1.1" 404 5749 "-" "-"
20.113.56.22 - - [27/Jul/2026:05:38:18 +0530] "GET /wp-admin/css/ HTTP/1.1" 404 5749 "-" "-"
20.113.56.22 - - [27/Jul/2026:05:38:19 +0530] "GET /wp-admin/css/colors/modern/ HTTP/1.1" 404 5749 "-" "-"
20.113.56.22 - - [27/Jul/2026:05:38:19 +0530] "GET /pucci.php HTTP/1.1" 404 5749 "-" "-"
20.113.56.22 - - [27/Jul/2026:05:38:19 +0530] "GET /wp-includes/blocks/audio/ HTTP/1.1" 404 5749 "-" "-"
20.113.56.22 - - [27/Jul/2026:05:38:19 +0530] "GET /wp-temp.php HTTP/1.1" 404 5749 "-" "-"
20.113.56.22 - - [27/Jul/2026:05:38:20 +0530] "GET /xmu.php HTTP/1.1" 404 5749 "-" "-"
20.113.56.22 - - [27/Jul/2026:05:38:20 +0530] "GET /wp-admin/js/index.php HTTP/1.1" 404 5749 "-" "-"
20.113.56.22 - - [27/Jul/2026:05:38:20 +0530] "GET /8.php HTTP/1.1" 404 5749 "-" "-"
20.113.56.22 - - [27/Jul/2026:05:38:21 +0530] "GET /1.php HTTP/1.1" 404 5749 "-" "-"
20.113.56.22 - - [27/Jul/2026:05:38:21 +0530] "GET /wp-content/admin.php HTTP/1.1" 404 5749 "-" "-"
20.113.56.22 - - [27/Jul/2026:05:38:21 +0530] "GET /f6.php HTTP/1.1" 404 5749 "-" "-"
20.113.56.22 - - [27/Jul/2026:05:38:22 +0530] "GET /wp-content/themes/index.php HTTP/1.1" 404 5749 "-" "-"
20.113.56.22 - - [27/Jul/2026:05:38:22 +0530] "GET /ms-edit.php HTTP/1.1" 404 5749 "-" "-"
20.113.56.22 - - [27/Jul/2026:05:38:22 +0530] "GET /222.php HTTP/1.1" 404 5749 "-" "-"
20.113.56.22 - - [27/Jul/2026:05:38:23 +0530] "GET /cgi-bin/index.php HTTP/1.1" 404 5749 "-" "-"
20.113.56.22 - - [27/Jul/2026:05:38:23 +0530] "GET /wp-includes/css/dist/ HTTP/1.1" 404 5749 "-" "-"
20.113.56.22 - - [27/Jul/2026:05:38:23 +0530] "GET /wp-includes/l10n/ HTTP/1.1" 404 5749 "-" "-"
20.113.56.22 - - [27/Jul/2026:05:38:24 +0530] "GET /wp-content/uploads/ HTTP/1.1" 404 5749 "-" "-"
20.113.56.22 - - [27/Jul/2026:05:38:24 +0530] "GET /raw.php HTTP/1.1" 404 5749 "-" "-"
20.113.56.22 - - [27/Jul/2026:05:38:24 +0530] "GET /a1.php HTTP/1.1" 404 5749 "-" "-"
20.113.56.22 - - [27/Jul/2026:05:38:24 +0530] "GET /wp-includes/Text/Diff/Engine/about.php HTTP/1.1" 404 5749 "-" "-"
20.113.56.22 - - [27/Jul/2026:05:38:25 +0530] "GET /cgi-bin/admin.php HTTP/1.1" 404 5749 "-" "-"
20.113.56.22 - - [27/Jul/2026:05:38:25 +0530] "GET /wp-content/BypassBest.php HTTP/1.1" 404 5749 "-" "-"
20.113.56.22 - - [27/Jul/2026:05:38:25 +0530] "GET /wp-content/ HTTP/1.1" 404 5749 "-" "-"
20.113.56.22 - - [27/Jul/2026:05:38:26 +0530] "GET /simple.php HTTP/1.1" 404 5749 "-" "-"
20.113.56.22 - - [27/Jul/2026:05:38:26 +0530] "GET /xxx.php HTTP/1.1" 404 5749 "-" "-"
20.113.56.22 - - [27/Jul/2026:05:38:26 +0530] "GET /wp-admin/css/colors/blue/ HTTP/1.1" 404 5749 "-" "-"
20.113.56.22 - - [27/Jul/2026:05:38:26 +0530] "GET /wp-includes/block-bindings/ HTTP/1.1" 404 5749 "-" "-"
20.113.56.22 - - [27/Jul/2026:05:38:27 +0530] "GET /file.php HTTP/1.1" 404 5749 "-" "-"
20.113.56.22 - - [27/Jul/2026:05:38:27 +0530] "GET /aa2.php HTTP/1.1" 404 5749 "-" "-"
20.113.56.22 - - [27/Jul/2026:05:38:27 +0530] "GET /ccou.php HTTP/1.1" 404 5749 "-" "-"
20.113.56.22 - - [27/Jul/2026:05:38:28 +0530] "GET /dr.php HTTP/1.1" 404 5749 "-" "-"
20.113.56.22 - - [27/Jul/2026:05:38:28 +0530] "GET /f35.php HTTP/1.1" 404 5749 "-" "-"
20.113.56.22 - - [27/Jul/2026:05:38:28 +0530] "GET /wp-load.php HTTP/1.1" 404 5749 "-" "-"
20.113.56.22 - - [27/Jul/2026:05:38:29 +0530] "GET /wp-includes/assets/ HTTP/1.1" 404 5749 "-" "-"
20.113.56.22 - - [27/Jul/2026:05:38:29 +0530] "GET /wp-admin/css/colors/sunrise/ HTTP/1.1" 404 5749 "-" "-"
20.113.56.22 - - [27/Jul/2026:05:38:29 +0530] "GET /wp-admin/css/colors/midnight/about.php HTTP/1.1" 404 5749 "-" "-"
20.113.56.22 - - [27/Jul/2026:05:38:30 +0530] "GET /wp-links.php HTTP/1.1" 404 5749 "-" "-"
20.113.56.22 - - [27/Jul/2026:05:38:30 +0530] "GET /2P.update.php HTTP/1.1" 404 5749 "-" "-"
20.113.56.22 - - [27/Jul/2026:05:38:30 +0530] "GET /a.php HTTP/1.1" 404 5749 "-" "-"
20.113.56.22 - - [27/Jul/2026:05:38:30 +0530] "GET /k.php HTTP/1.1" 404 5749 "-" "-"
20.113.56.22 - - [27/Jul/2026:05:38:31 +0530] "GET /w.php HTTP/1.1" 404 5749 "-" "-"
20.113.56.22 - - [27/Jul/2026:05:38:31 +0530] "GET /insc.php HTTP/1.1" 404 5749 "-" "-"
20.113.56.22 - - [27/Jul/2026:05:38:32 +0530] "GET /4PJcpMFsD8B.php HTTP/1.1" 404 5749 "-" "-"
20.113.56.22 - - [27/Jul/2026:05:38:32 +0530] "GET /sss.php?p= HTTP/1.1" 404 5749 "-" "-"
20.113.56.22 - - [27/Jul/2026:05:38:32 +0530] "GET /aa.php HTTP/1.1" 404 5749 "-" "-"
20.113.56.22 - - [27/Jul/2026:05:38:33 +0530] "GET /177.php HTTP/1.1" 404 5749 "-" "-"
20.113.56.22 - - [27/Jul/2026:05:38:33 +0530] "GET /hur.php HTTP/1.1" 404 5749 "-" "-"
20.113.56.22 - - [27/Jul/2026:05:38:33 +0530] "GET /coffexium.php HTTP/1.1" 404 5749 "-" "-"
20.113.56.22 - - [27/Jul/2026:05:38:34 +0530] "GET /0.php HTTP/1.1" 404 5749 "-" "-"
20.113.56.22 - - [27/Jul/2026:05:38:34 +0530] "GET /BDKR28.php HTTP/1.1" 404 5749 "-" "-"
20.113.56.22 - - [27/Jul/2026:05:38:34 +0530] "GET /f35.update.php HTTP/1.1" 404 5749 "-" "-"
20.113.56.22 - - [27/Jul/2026:05:38:35 +0530] "GET /f900.php HTTP/1.1" 404 5749 "-" "-"
20.113.56.22 - - [27/Jul/2026:05:38:35 +0530] "GET /xmrl.php HTTP/1.1" 404 5749 "-" "-"
20.113.56.22 - - [27/Jul/2026:05:38:35 +0530] "GET /memberfuns.php HTTP/1.1" 404 5749 "-" "-"
20.113.56.22 - - [27/Jul/2026:05:38:36 +0530] "GET /ms.php HTTP/1.1" 404 5749 "-" "-"
